t**2 - 1058*t + 50. Give k(-53).
-56
Let b(j) = -j**3 + 54*j**2 + 56*j - 15. What is b(55)?
40
Let w(u) = -7*u**2 - 122*u + 249. Give w(2).
-23
Let p(o) = -2*o**2. Determine p(1).
-2
Let z(k) = k**3 + 13*k**2 - 115*k - 12. Determine z(-19).
7
Let n(r) = 86*r - 413. Give n(5).
17
Let v(c) = c**2 + 14*c - 55. Determine v(-14).
-55
Let s(d) = -d**3 + 12*d**2 - 29*d - 31. What is s(9)?
-49
Let u(g) = -34258*g + 239796. Calculate u(7).
-10
Let s(l) = -l**3 + 5*l**2 + 19*l - 8. What is s(-4)?
60
Let p(q) = -q**2 - 36*q + 81. Calculate p(-37).
44
Let j(m) = -5*m - 152. Give j(-30).
-2
Let k(v) = -602*v - 618. What is k(-1)?
-16
Let h(i) = -20*i - 500. Calculate h(-19).
-120
Let g(q) = q**2 + 56*q + 210. What is g(-4)?
2
Let i(u) = -u**3 + 15*u**2 - 39*u - 57. Determine i(11).
-2
Let m(i) = -2*i**3 + 231*i**2 + 353*i - 224. Calculate m(117).
10
Let q(h) = -h**3 + 76*h**2 + 76*h + 72. Give q(77).
-5
Let y(f) = 13*f + 217. Determine y(-20).
-43
Let c(g) = -138*g**2 - 562*g - 4. Give c(-4).
36
Let c(z) = -718*z + 2865. What is c(4)?
-7
Let a(g) = -g**3 + 14*g**2 - 40*g + 29. Calculate a(11).
-48
Let t(j) = 2766*j + 19364. What is t(-7)?
2
Let p(k) = -360*k + 19814. Calculate p(55).
14
Let j(r) = r**3 + 27*r**2 + 67*r - 122. Give j(-24).
-2
Let z(x) = -x**3 - 62*x**2 - 67*x - 371. Give z(-61).
-5
Let b(p) = 2*p**2 + 7*p + 85. Calculate b(0).
85
Let d(l) = -4*l**2 - 747*l + 1621. Give d(-189).
-80
Let f(d) = -d + 69. What is f(27)?
42
Let a(z) = -20*z + 123. Calculate a(8).
-37
Let m(j) = 3*j**3 + 4*j**2 + 4*j - 85. What is m(-4)?
-229
Let q(z) = -2*z**2 - 27*z + 29. Give q(-16).
-51
Let m(q) = 10*q**2 + 11*q + 21. Give m(-2).
39
Let n(y) = 5*y**2 - 561*y + 1824. Give n(109).
80
Let z(s) = -s**2 - 3652*s - 32808. What is z(-9)?
-21
Let i(z) = z**3 + 2*z**2 - 6*z - 18. Determine i(-4).
-26
Let x(j) = 3*j**2 + 38*j + 76. Calculate x(-3).
-11
Let j(d) = -d**2 + 94*d - 614. Determine j(7).
-5
Let x(q) = q**3 - 52*q**2 + 51*q + 6. Determine x(51).
6
Let u(p) = p**3 - 157*p**2 + 1326*p + 52. Give u(9).
-2
Let i(q) = 11*q - 58. What is i(-12)?
-190
Let k(u) = u**2 - u - 420. Calculate k(-21).
42
Let c(v) = 3*v**3 + 5*v**2 - 10*v - 13. Determine c(-2).
3
Let l(d) = 8*d**3 + 8*d**2 - 67*d + 59. What is l(1)?
8
Let k(v) = -v**3 + 47*v**2 - 3*v + 39. Determine k(47).
-102
Let z(o) = 214*o - 14792. Give z(69).
-26
Let m(n) = -n**3 + 49*n**2 + 588*n + 101. Give m(59).
-17
Let k(j) = -22*j - 112. Calculate k(-5).
-2
Let m(l) = -2205*l + 4409. Calculate m(2).
-1
Let k(h) = 25*h**2 + 199*h - 2. Determine k(-8).
6
Let d(r) = -r**2 - 80*r + 574. Calculate d(-86).
58
Let d(p) = p**3 + 18*p**2 + 3*p - 603. Calculate d(-16).
-139
Let x(c) = 62*c**2 - 124*c - 7. Determine x(2).
-7
Let t(k) = -167*k**2 - k. Calculate t(-1).
-166
Let c(b) = -3*b**2 + 139*b + 486. Determine c(-3).
42
Let v(l) = 67*l - 10. Calculate v(-1).
-77
Let h(z) = -8*z**2 - 62*z - 91. What is h(-6)?
-7
Let h(p) = -2*p**2 - 3013*p + 6023. Determine h(2).
-11
Let z(f) = -f**2 + 132*f - 2877. Calculate z(104).
35
Let v(t) = -t**3 + 7*t**2 + 37*t - 254. Determine v(6).
4
Let q(j) = -12*j**2 - 949*j - 81. Calculate q(-79).
-2
Let u(t) = 34*t - 19. What is u(-11)?
-393
Let n(y) = -3*y**2 + 60*y + 1583. Determine n(-15).
8
Let a(p) = 3946*p + 7884. Determine a(-2).
-8
Let j(l) = 2*l - 93. Determine j(32).
-29
Let b(v) = -v**3 + 14*v**2 + 13*v + 78. What is b(15)?
48
Let g(j) = -j**2 + 4*j + 55. What is g(-12)?
-137
Let w(r) = -178*r - 2676. Calculate w(-15).
-6
Let j(p) = -408*p - 2901. Determine j(-7).
-45
Let w(x) = -231*x - 54. What is w(1)?
-285
Let n(d) = 79*d + 1593. What is n(-20)?
13
Let l(u) = u**3 + 103*u**2 - 355*u - 304. Determine l(4).
-12
Let y(g) = g**2 + 12. Give y(-6).
48
Let w(o) = -23*o - 98. Calculate w(-2).
-52
Let z(g) = 8*g**2 - 8*g + 17. What is z(3)?
65
Let t(u) = 30*u + 58. Determine t(-3).
-32
Let m(c) = -c**3 - 24*c**2 - 143*c - 14. Determine m(-13).
-14
Let t(g) = 10*g**3 + 241*g**2 + 23*g - 34. Calculate t(-24).
-10
Let i(g) = -67*g - 3152. Calculate i(-45).
-137
Let q(s) = 52*s - 2229. What is q(43)?
7
Let h(p) = 6342*p - 31727. Give h(5).
-17
Let c(n) = 4*n - 209. Determine c(14).
-153
Let g(x) = -x**2 - 52*x + 84. What is g(-54)?
-24
Let s(u) = u**2 - 96*u - 883. Determine s(-9).
62
Let b(n) = -4*n - 20. Determine b(-18).
52
Let g(t) = -121*t**2 + 723*t + 1. Calculate g(6).
-17
Let z(o) = -2*o**3 - 167*o**2 + 78*o - 499. Calculate z(-84).
5
Let h(d) = 55*d - 174. What is h(8)?
266
Let b(j) = -j - 35. Determine b(-12).
-23
Let f(z) = z**2 - 23*z + 15. Calculate f(17).
-87
Let j(n) = n**3 - 5*n**2 - 154*n + 908. Give j(6).
20
Let b(l) = 2*l**2 - 11*l - 24. Determine b(-2).
6
Let v(d) = 26*d + 3. What is v(1)?
29
Let h(s) = s**3 - 12*s**2 + 22*s + 55. Calculate h(9).
10
Let i(k) = -k**3 + 99*k**2 + 201*k - 36. Calculate i(101).
-137
Let v(p) = 95*p + 941. Determine v(-10).
-9
Let g(r) = -29*r - 107. Calculate g(-7).
96
Let u(f) = -f**2 - 23*f - 45. Give u(-6).
57
Let l(r) = 8*r**2 - 33*r - 60. Calculate l(-4).
200
Let l(k) = k**3 - 61*k**2 + 176*k - 116. What is l(58)?
0
Let u(a) = -16*a - 452. What is u(-24)?
-68
Let p(m) = -39*m - 4. Determine p(-8).
308
Let t(x) = -x**3 - 9*x**2 - 8*x + 17. Give t(-8).
17
Let x(k) = k**3 - 47*k**2 + 212*k - 36. Give x(42).
48
Let v(u) = -u**2 + 98*u - 2124. Give v(32).
-12
Let q(z) = 29*z**2 + 76*z - 361. Calculate q(-5).
-16
Let s(g) = -2*g**3 + 8*g**2 - 2*g + 80. What is s(6)?
-76
Let z(l) = -l**3 + 9*l**2 + 28*l - 108. Calculate z(11).
-42
Let z(g) = -6*g**2 + 2*g + 1. Determine z(4).
-87
Let v(b) = 39*b**2 - 13*b + 17. Calculate v(2).
147
Let q(a) = -2557*a - 2546. Calculate q(-1).
11
Let l(o) = -3*o**3 + 8*o**2 + 13*o + 12. Calculate l(5).
-98
Let q(n) = -23*n + 831. Calculate q(37).
-20
Let z(j) = 1184*j - 24873. Give z(21).
-9
Let a(g) = g**2 - 82*g - 525. Determine a(-6).
3
Let r(o) = o**3 - 8*o**2 + 53*o - 229. Determine r(6).
17
Let r(n) = 5*n**2 - 64*n + 200. Determine r(5).
5
Let v(i) = -i**3 - 17*i**2 - 137*i - 3. Determine v(-6).
423
Let h(b) = -b**2 + 23*b + 223. What is h(31)?
-25
Let z(n) = -6*n**3 + 678*n**2 - 12. Give z(113).
-12
Let x(z) = 45*z + 192. Calculate x(-6).
-78
Let j(y) = -99*y + 2074. Determine j(20).
94
Let u(j) = 13*j**2 + 535*j + 93. Calculate u(-41).
11
Let y(z) = -3*z**2 - 177*z - 16. Give y(-59).
-16
Let t(c) = c**3 - 77*c**2 - 72*c - 475. Calculate t(78).
-7
Let o(v) = -10*v**3 + v**2 - 10*v + 8. Give o(2).
-88
Let u(k) = -4*k**3 - 95*k**2 + 14*k - 234. Give u(-24).
6
Let q(d) = 13*d**2 + 137*d + 338. Calculate q(-4).
-2
Let x(r) = -r**3 + 17*r**2 + 36*r - 310. Calculate x(18).
14
Let r(x) = 171*x + 906. Calculate r(-5).
51
Let o(g) = -g**3 + 48*g**2 + g - 54. Give o(48).
-6
Let q(s) = -s**3 + 2*s**2 + 510. Give q(0).
510
Let x(k) = k**2 + 22*k + 122. Determine x(-9).
5
Let i(c) = -c**3 - 350*c**2 + 5848*c - 2924. What is i(-366)?
4
Let r(k) = k**2 - 36*k - 2267. Determine r(-33).
10
Let b(m) = 126*m + 18797. Calculate b(-149).
23
Let m(l) = 46*l**3 - 6*l**2 + 12*l - 4. Determine m(2).
364
Let g(a) = 5*a**3 + 3*a**2 - 4*a - 3. Determine g(2).
41
Let w(c) = c**3 + 6*c**2 + 10*c + 131. Calculate w(-7).
12
Let z(h) = 555*h - 1668. Calculate z(3).
-3
Let f(j) = -12*j**2 + 47*j + 209. Calculate f(-4).
-171
Let g(j) = -11*j + 100. Determine g(17).
-87
Let s(t) = -30*t**2 - 170*t + 23. Give s(-6).
-37
Let x(l) = -l**3 + 39*l**2 - 3*l + 93. Determine x(39).
-24
Let h(x) = -549*x**2 + 26*x + 25. Give h(-1).
-550
Let v(q) = -q**2 + 34*q + 725. Give v(49).
-10
Let n(i) = -91*i + 363. Determine n(4).
-1
Let o(d) = -2*d**3 + 60*d**2 - 296*d + 55. What is o(6)?
7
Let l(z) = 727*z + 3629. What is l(-5)?
-6
Let d(x) = -2*x**3 - 26*x**2 - 14*x + 19. What is d(-12)?
-101
Let d(v) = -2*v**3 + 15*v**2 - 7*v + 13. Calculate d(5).
103
Let y(j) = 43*j + 719. Calculate y(-17).
-12
Let p(r) = -2*r**2 - 17*r + 186. What is p(6)?
12
Let t(r) = -2*r**3 - 35*r**2 - 14*r - 18. Determine t(-17).
-69
Let d(r) = 33*r - 54. What is d(16)?
474
Let p(a) = -3*a**2 + 339*a - 8342. Calculate p(36).
-26
Let d(h) = -2*h**2 + 114*h - 107. Calculate d(56).
5
Let q(x) = 5*x**2 + 17*x - 3. What is q(-6)?
75
Let h(l) = -232*l + 55914. Determine h(241).
2
Let l(d) = d**3 - 15*d**2 - 32*d + 43. Give l(16).
-213
Let j(l) = -l**2 + 114*l + 574. Calculate 